614301 a prime number?
False
Is 898522897 a prime number?
False
Is 7579842051 a prime number?
False
Is 584083349 composite?
False
Is 8516476949 composite?
True
Is 684605707 prime?
False
Is 202884467 composite?
True
Is 3024747179 prime?
False
Is 11733559 prime?
True
Is 2855447621 a prime number?
False
Is 2422954931 composite?
False
Is 2423234819 composite?
False
Is 311226234901 composite?
False
Is 3257421887 composite?
False
Is 1608614221 a composite number?
False
Is 862549 a composite number?
True
Is 207108344471 prime?
False
Is 1657871729 a prime number?
False
Is 2657758673 a prime number?
False
Is 60284604337 a composite number?
False
Is 360694405 a composite number?
True
Is 39605255111 prime?
False
Is 5641389031 prime?
True
Is 1590072481 composite?
True
Is 160535225609 composite?
True
Is 671994019 prime?
False
Is 2103783133 prime?
False
Is 13074857969 a composite number?
True
Is 2942981071 composite?
True
Is 24902922911 a prime number?
False
Is 2859717229 a composite number?
True
Is 870029687 a composite number?
False
Is 5324150869 a prime number?
True
Is 33114018667 a prime number?
False
Is 4192487603 a composite number?
True
Is 10782240083 composite?
True
Is 285743963 composite?
True
Is 415842193 composite?
True
Is 2040562451 prime?
True
Is 881936989 a composite number?
True
Is 288612067 a prime number?
False
Is 1759345613 a composite number?
True
Is 4688453641 composite?
True
Is 6733728133 a prime number?
False
Is 5167479973 a composite number?
False
Is 1991180479 composite?
True
Is 12223400699 prime?
False
Is 756932657 a composite number?
True
Is 1367526977 a prime number?
True
Is 51838291 prime?
True
Is 650708573 composite?
True
Is 7351114129 a composite number?
False
Is 1491561481 a prime number?
True
Is 73723759409 composite?
True
Is 90419111741 a composite number?
True
Is 24788507921 a composite number?
False
Is 113554171 prime?
True
Is 4415384393 composite?
True
Is 3240178329 a composite number?
True
Is 6237539743 a composite number?
True
Is 5293949827 prime?
False
Is 2832716521 a composite number?
False
Is 1838203609 a prime number?
False
Is 10012893223 a prime number?
False
Is 362991593 composite?
False
Is 43788828917 a composite number?
True
Is 1414971941 composite?
False
Is 86662763153 a prime number?
False
Is 193667866201 composite?
False
Is 15791368139 composite?
True
Is 264591589 a composite number?
False
Is 16807960303 a prime number?
False
Is 549642074545 a composite number?
True
Is 24963658579 composite?
True
Is 11481711737 composite?
True
Is 57341203 prime?
True
Is 172606252891 a prime number?
False
Is 8480086477 a prime number?
True
Is 5181149749 a prime number?
False
Is 144500648599 a prime number?
True
Is 992410721 prime?
True
Is 14257793659 a prime number?
True
Is 1486079437 composite?
True
Is 795801631 composite?
False
Is 132865233029 composite?
True
Is 48868791601 prime?
False
Is 87636389059 a composite number?
False
Is 6632548651 a prime number?
False
Is 16565409401 composite?
False
Is 18429053911 a prime number?
False
Is 387268681 composite?
True
Is 40943555591 a composite number?
False
Is 770879677 a prime number?
False
Is 655907333 prime?
True
Is 13810664101 a prime number?
False
Is 3636701083 prime?
True
Is 45459439 a composite number?
False
Is 9483474419 prime?
True
Is 1407297953 composite?
False
Is 151537387 composite?
False
Is 92184915337 a composite number?
True
Is 15390721 a composite number?
True
Is 180584315 prime?
False
Is 2522288297 composite?
False
Is 1722749513 a prime number?
False
Is 2467278643 composite?
False
Is 4324292999 a composite number?
True
Is 28224044903 prime?
False
Is 459803737 a composite number?
False
Is 14478097 composite?
True
Is 42687649769 composite?
False
Is 89741899129 composite?
True
Is 579184233 a composite number?
True
Is 660005527 a prime number?
False
Is 17754641327 a prime number?
False
Is 444832147 a composite number?
False
Is 769887037 prime?
True
Is 2878236643 composite?
True
Is 636836509 prime?
False
Is 2739463977 a composite number?
True
Is 3642268277 prime?
False
Is 2013417781 prime?
False
Is 197617417 prime?
False
Is 1719923693 composite?
True
Is 509580011 a prime number?
True
Is 319275517 composite?
True
Is 7709920567 a prime number?
False
Is 122035117051 composite?
True
Is 12828219337 a composite number?
True
Is 184800482597 composite?
False
Is 1618885903 prime?
True
Is 67582019 composite?
False
Is 49585271663 a composite number?
False
Is 44820635969 a prime number?
False
Is 87977508293 composite?
False
Is 22127324503 a composite number?
True
Is 2183758081 a composite number?
False
Is 2872347449 composite?
False
Is 3187429963 prime?
True
Is 18255647447 a composite number?
True
Is 30877905209 a composite number?
False
Is 5691932327 a prime number?
True
Is 301814501 prime?
False
Is 102863307439 prime?
True
Is 195984534401 a composite number?
False
Is 1736803291 composite?
False
Is 9740388419 a composite number?
True
Is 1233645887 a prime number?
True
Is 408247387 a composite number?
False
Is 10863420431 a prime number?
True
Is 4081974629 a composite number?
True
Is 3252406727 composite?
False
Is 57143718209 a prime number?
False
Is 12394529773 a prime number?
False
Is 78171872267 a prime number?
True
Is 2309391239 prime?
False
Is 51291859709 a composite number?
False
Is 1220729399 a prime number?
True
Is 29773934683 prime?
True
Is 19626035683 prime?
False
Is 661835563 composite?
True
Is 38440441211 prime?
True
Is 183662617691 a prime number?
False
Is 21510475937 a composite number?
True
Is 5769816893 a composite number?
False
Is 8522923771 composite?
True
Is 2657192345 composite?
True
Is 12985555367 composite?
True
Is 6705588235 prime?
False
Is 855792619 prime?
False
Is 3139654109 composite?
False
Is 3079621583 prime?
True
Is 1111399763 a prime number?
False
Is 926397209 prime?
True
Is 200780197 a prime number?
True
Is 51049933733 composite?
False
Is 2076689143 composite?
False
Is 1189497847 a prime number?
True
Is 836956007 prime?
False
Is 81194627 a composite number?
False
Is 2981784623 composite?
False
Is 15571150247 prime?
False
Is 13594160903 composite?
True
Is 37047953279 a prime number?
False
Is 3161477353 composite?
False
Is 8036752547 a composite number?
True
Is 14769346313 a prime number?
False
Is 15294624713 prime?
True
Is 7561357873 a composite number?
False
Is 3306879217 composite?
True
Is 286794983 composite?
False
Is 10040629117 composite?
False
Is 2664973841 a prime number?
True
Is 46193447257 prime?
False
Is 5450727907 prime?
False
Is 49092314153 composite?
False
Is 1058129009 composite?
True
Is 1979402317 prime?
True
Is 19024667 a composite number?
True
Is 268232011 composite?
False
Is 90644681305 a prime number?
False
Is 1352546549 composite?
False
Is 1124062679 a prime number?
True
Is 104792409259 a prime number?
False
Is 17215539527 a prime number?
True
Is 831115177 prime?
False
Is 264338003 composite?
False
Is 6053901769 a composite number?
False
Is 4399923182 prime?
False
Is 1284167327 prime?
True
Is 1026068831 composite?
True
Is 81028921 a composite number?
True
Is 72428795189 a prime number?
True
Is 2341671697 a prime number?
True
Is 410545991 a composite number?
False
Is 3281688103 a composite number?
False
Is 365919619 composite?
True
Is 655952779 composite?
False
Is 386250427 a prime number?
True
Is 3010848339 prime?
False
Is 24116633 a composite number?
False
Is 6983923 prime?
False
Is 625865501 prime?
False
Is 979290887 a composite number?
False
Is 17277021599 a composite number?
False
Is 986970797 a composite number?
False
Is 1385806753 prime?
True
Is 828070073 prime?
False
Is 175212799 prime?
True
Is 1857215299 a prime number?
False
Is 501972929 prime?
False
Is 2835544337 prime?
True
Is 7014824669 a composite number?
True
Is 4236755191 composite?
False
Is 5970307009 a composite number?
True
Is 40955958721 a composite number?
True
Is 1140503129 prime?
True
Is 141596239 a composite number?
False
Is 1955450909 a composite number?
False
Is 148090469 composite?
True
Is 3615155543 a composite number?
False
Is 25333076723 prime?
True
Is 2219226301 prime?
True
Is 8483687431 a prime number?
True
Is 12393245569 a composite number?
False
Is 1540106077 a composite number?
False
Is 6522706723 composite?
True
Is 37979048573 a composite number